se -3*t = -2*s + t - 12, 0 = 3*s + 2*t + 18. Let m = s + 11. Suppose 3*n - m*w - 21 = -0*n, -n - 2*w + 18 = 0. List the prime factors of n.
2, 3
Suppose -h = 5*b + 83, -5*h = b + 9 - 2. Let g = -6 - b. List the prime factors of g.
11
Suppose -4*o + 118 = a, -a + 2*o + 203 - 79 = 0. List the prime factors of a.
2, 61
Suppose 25 = -4*g - 19. Let k = -17 - -10. Let w = k - g. List the prime factors of w.
2
Let y(v) = -3*v + 5. What are the prime factors of y(-5)?
2, 5
Let i = 5 + 8. Let s = i - 9. What are the prime factors of s?
2
Let m = -10 + 7. List the prime factors of m*3/(-9) - -15.
2
Let v(x) = x**3 + 8*x**2 + 4*x + 9. Let f be v(-7). Suppose o - f = 4*o. Let d = o + 21. What are the prime factors of d?
11
Let t be (-1)/3*(-1 - 14). Let s(c) = -3 - 4*c**3 - 2*c + 5*c**3 + t*c**2 + 5*c. List the prime factors of s(-3).
2, 3
Suppose 3*s + 5*x = -75, -x = 4*s + 61 + 22. Let z = 46 + s. What are the prime factors of z?
2, 13
Suppose -3*l + 3*t = t - 304, -5*t = -4*l + 396. What are the prime factors of l?
2, 13
List the prime factors of (-2)/(-3) - 520/(-12).
2, 11
Let s be (-4)/(-2 - -2 - 2). Suppose -h - 5*d = s*h - 26, -28 = -2*h + 2*d. What are the prime factors of h?
2, 3
Let v be ((-8)/(-20))/((-2)/40). Let y be ((-63 - -3)/3)/(-1). List the prime factors of 125/y + 2/v.
2, 3
Let l(v) = -2*v. Let c be l(4). List the prime factors of (c/(-10))/(10/425).
2, 17
Let j = 166 - 88. Suppose -6*g + g = -t - 108, -2*t + j = 4*g. List the prime factors of g.
3, 7
Let n(r) = -r**3 + 8*r**2 + 2*r - 9. Suppose o - 4 - 2 = 0. Suppose 0 = o*s - 3*s - 24. List the prime factors of n(s).
7
Suppose -4*v + 2 = -70. Let w = v - 9. What are the prime factors of w?
3
Let q(w) = -w**2 - w + 4. Let m be q(0). Suppose -3*c + 2 = -m. List the prime factors of c.
2
Let g(p) = -p**2 - 13*p - 11. List the prime factors of g(-11).
11
List the prime factors of ((-95)/57)/(5/(-18)).
2, 3
Let f(x) = x**2 - 6*x - 11. Let w be f(8). Suppose -w*p + 2*n = -p, p + 2*n = 0. Suppose p = t + 3, 5*t + 1 + 18 = r. List the prime factors of r.
2
Suppose 11*q + 125 = 12*q. What are the prime factors of q?
5
Let a(p) = p**3 + 4*p**2 - p - 1. Suppose -4*f - 6 = -f. Let h be a(f). What are the prime factors of 6/h - (-4)/3?
2
Let c(j) be the first derivative of 1/3*j**3 + 0*j**2 - 13/4*j**4 - j + 3. What are the prime factors of c(-1)?
13
Let f(q) = q - 1. Let l(n) = -8*n + 5. Let v(h) = -6*f(h) - l(h). Suppose -y = -2*y - 3*o + 2, -2*o = -5*y + 27. List the prime factors of v(y).
11
Suppose 3 - 71 = -x. List the prime factors of x.
2, 17
What are the prime factors of 5*226*(-4)/(-40)?
113
Suppose -2*u + 10*u = 64. What are the prime factors of u?
2
Suppose 190 = 3*r + 2*r. What are the prime factors of r?
2, 19
Suppose 4*r + 1 = 13. Suppose 3*g - 5*g + 14 = 5*b, -r*g + 5*b + 71 = 0. List the prime factors of g.
17
Let d(b) = 10*b**2 + 14*b + 44. List the prime factors of d(-6).
2, 5
Suppose -l - 4*k + 14 = 0, -6*l + 4 = -l - 2*k. What are the prime factors of l/(-1)*(-150)/20?
3, 5
Let w = -13 + 53. List the prime factors of w.
2, 5
Let u be 8 + (-4 - 0)/(-2). Suppose -34 = -4*i - u. What are the prime factors of i?
2, 3
Let b be 3*((-5)/3 + 1). Let k be b*1/1*-16. Suppose 0 = 4*o - k - 12. What are the prime factors of o?
11
Let h = -8 - -4. Let w = -26 - -20. Let k = h - w. List the prime factors of k.
2
Suppose 0*p = 4*l + 3*p - 21, -2*l = 2*p - 10. Let g = l + 1. List the prime factors of g.
7
Suppose -2*w + 4*c + 8 = c, -8 = -2*w - 3*c. Suppose 0 = w*a - 16 - 24. List the prime factors of a.
2, 5
Suppose 0 = -u + 4 - 1. Let m(s) = s + 4. Let b be m(0). Suppose u*k = -b*w + 51, 4*k = 3*w - w + 46. List the prime factors of k.
13
Let s be (-1 + -1)*1 + 7. Suppose -4*f = j - s, -3*j + 0*j = -f - 2. What are the prime factors of (10/(-3))/(j/(-3))?
2, 5
Let q = 200 - 45. List the prime factors of q.
5, 31
List the prime factors of (159/9)/(5/15).
53
Let y = -10 - -25. What are the prime factors of y?
3, 5
Suppose 5*q - 200 = 5*t, -4*q - 2*t = -5*t - 158. What are the prime factors of q?
2, 19
Let u(k) = -4*k + 6. List the prime factors of u(-8).
2, 19
Let i = -1 + 6. List the prime factors of i.
5
Let c = 116 + -51. List the prime factors of c.
5, 13
Let q be -1 + 2 + -1 + -1. Let d(s) = -8*s + 1. What are the prime factors of d(q)?
3
Suppose -5*o - 168 = -8*o. What are the prime factors of o?
2, 7
Let y = 108 - 206. Let f = -68 - y. Suppose -5*g + 2*v + f + 32 = 0, -3*g + 50 = 2*v. List the prime factors of g.
2, 7
Let c be 2/(-9) - 336/(-54). Let b = 14 - c. List the prime factors of b.
2
Suppose -7*d + 6*d = -18. List the prime factors of d.
2, 3
Let m = -31 + 4. Let v be (-4)/(-18) + (-48)/m. Suppose -v*l = 4*a - 6, -l = -5*l + 4*a + 60. What are the prime factors of l?
11
Let s(f) = f**2 + 9*f + 4. Let o be s(-9). Suppose 3*y - y + 4*t - 18 = 0, -6 = -2*t. Suppose -y*l = -5*d + l + 36, o*d - 28 = 3*l. List the prime factors of d.
2
Let r(y) = y**2 - 9*y + 2. Let u be r(6). Let i = u + 21. What are the prime factors of i?
5
Let j(y) = 78*y - 10. List the prime factors of j(2).
2, 73
Suppose 0 = -4*d - 2*t + 754, -2*d + 389 = 2*t + 3*t. List the prime factors of d.
11, 17
Let z(c) = c**2 + c - 1. Let d be z(-3). Suppose 109 = 3*j + n, d*j = 5*n + 148 + 47. List the prime factors of j.
37
Let j = -15 + 65. Suppose -d - 20 = -k, 2*k + d - j = 5*d. List the prime factors of k.
3, 5
Let a(w) = w**2 - 12*w + 11. Let x be a(11). Suppose 3*o = 2*r - 82, x*r - o = 5*r - 222. What are the prime factors of r?
2, 11
Suppose 4*z - 2*t + 36 = t, 4*z + 4*t = -8. List the prime factors of (-45)/(-3)*(-2)/z.
5
Suppose 3*l = i + 7, -l - 35 = 3*i + 4*l. List the prime factors of i/(-15) - 74/(-6).
13
Let l be (-1)/((-28)/(-10) - 3). Suppose -l*a = -5*g + 45, -g - 9 = -2*g - 2*a. List the prime factors of g.
3
Let j be 2/(-2*(-1)/(-4)). Let d = 14 + j. List the prime factors of d.
2, 5
Suppose v - 5*v = -376. Suppose 103 = 4*u - g, g - v = -4*u - g. List the prime factors of u.
5
What are the prime factors of (-4)/(-6) + 520/30?
2, 3
Suppose 3*f + k + 2 = 0, -14 - 10 = 4*f - 4*k. What are the prime factors of (-2 - f*6) + 1?
11
Suppose 0 = -0*c + c + 1, 2*w - 5*c = 61. What are the prime factors of w?
2, 7
Let u = -12 - -34. What are the prime factors of u?
2, 11
Suppose 2 = -5*v + 2*c - 10, v - 5*c - 16 = 0. Let m be v/6 - 44/6. Let o = m - -11. What are the prime factors of o?
3
Let z = -125 + 177. Suppose 3*f + 2*l = z - 20, 44 = 4*f + 3*l. What are the prime factors of ((-4)/f)/((-2)/12)?
3
Suppose 2*h + 2*h = 20. Let k be h + (0 - 2) + 1. Suppose j + 2 = 0, 4*w - k = -5*j + 6. What are the prime factors of w?
5
Let q(k) = -2*k + 7. List the prime factors of q(-3).
13
Let m(f) = -4*f**3 - 5*f**2 - 6. Let x(j) = 5*j**3 + 5*j**2 + j + 7. Let p(w) = 6*m(w) + 5*x(w). What are the prime factors of p(5)?
2, 3
Let q = 123 - 73. What are the prime factors of q?
2, 5
Suppose 5*f = -7*r + 12*r - 100, 2*r = 4*f + 38. List the prime factors of r.
3, 7
Let x = -69 - -164. Suppose 4*p - 1 = x. What are the prime factors of p?
2, 3
Suppose 11*b - 2647 + 403 = 0. List the prime factors of b.
2, 3, 17
What are the prime factors of -3 + -3 + 1 + 2 + 33?
2, 3, 5
Let p = -20 + 17. What are the prime factors of (-23)/(-1*p/(-6))?
2, 23
Let m(t) = t**2 + 3*t. Let o be m(-3). What are the prime factors of 3/((o + 3)/9)?
3
Let g(f) = f + 4. Let z be g(-5). Let q be 10/2 + z + 1. Suppose 0*s + 50 = q*s. List the prime factors of s.
2, 5
Let a = 62 + -92. List the prime factors of a/(-4)*28/35.
2, 3
Let z(b) = -2*b + 1. Let h be z(5). What are the prime factors of (6/(-18))/(1/h)?
3
Let f be 1/2 - 14/4. Let c(n) = -2*n**2 - 2 + 3*n - 2*n + 6 + 2*n**3 - 3*n**3. What are the prime factors of c(f)?
2, 5
Suppose 0*l = -2*l + 8. Suppose u + 101 = l*i - 57, 5*i = -2*u + 204. List the prime factors of i.
2, 5
Let h(v) = -3*v. Let t be h(-1). Suppose -a + 15 = 3*k + k, -5*a - t*k + 75 = 0. List the prime factors of a.
3, 5
Suppose 4*h = -0*h + 5*a + 67, 5*a - 25 = 0. List the prime factors of h.
23
List the prime factors of (-4695)/(-20) + (-3)/(-12) - -4.
239
List the prime factors of 55 + (-4)/4 - 3.
3, 17
Let d(w) = w + 1. Let q(o) = o + 8. Let b(p) = 3*d(p) - q(p). List the prime factors of b(8).
11
Suppose -2*b = -3*